*d = -d + 2*w + 14632, 4*w - x = 0. Is d prime?
True
Let r = 330 - 330. Suppose r*n - 5*n + 2245 = 0. Is n a composite number?
False
Let j(i) = 24419*i + 6370. Is j(99) a composite number?
False
Suppose 4*v + 998 = 3*u, 5*v - 506 = 7*v + 2*u. Suppose -4*w - 2*k - 1530 = 0, 0 = 4*w - 3*k + 2*k + 1527. Let x = v - w. Is x a prime number?
True
Suppose -2*x - 5 = -8*u + 3*u, 3*u - 3 = -4*x. Suppose -3*s = -5*v + 4250 + 5663, x = -2*v + 4*s + 3968. Is v a prime number?
False
Suppose 5*o - 6*i = 9*o - 3450808, -3*o - 3*i + 2588109 = 0. Is o composite?
True
Suppose -83*s = -81*s - 11140. Let i = s - 2743. Is i composite?
True
Suppose 2*j + 2*j + 3*f - 26 = 0, -3*f = j - 11. Let s = 225 + -144. Suppose -629 - s = -j*o. Is o a composite number?
True
Let a(v) = 27*v**3 + 3*v**2 - 19*v + 181. Is a(6) a prime number?
True
Let w = -38 + 25. Let n = w - -51. Suppose n + 2 = 4*b. Is b prime?
False
Suppose 2*f = -2*x - 4, f - 5*x + 14 = 2*f. Let t(h) = -3*h + 2. Let i(n) = 44*n - 3. Let g(s) = -i(s) - 4*t(s). Is g(f) a composite number?
True
Let m(g) = -10*g**2 - g - 28. Let l be m(-9). Let j = l - -1208. Is (0 + 1)/(1/j) composite?
False
Let b(n) = -77*n**3 - 16*n**2 - 17*n + 223. Is b(-17) a prime number?
True
Let d be 9 - (-7)/((-14)/652). Suppose -4*i - 3804 = -4*z, -i + 951 = -2*i - 2*z. Let u = d - i. Is u a prime number?
False
Suppose 7*w - 5*w - 3*z = 84995, -5*w - 3*z = -212414. Is w a prime number?
True
Let o = -59878 + 182129. Is o prime?
True
Suppose -3*i + o + 71576 = 0, -4*i - 80*o + 95403 = -75*o. Is i prime?
True
Let d = 0 + 23. Suppose 0 = 10*i - d*i + 729053. Is i a composite number?
False
Suppose 23*v - 388451 = 346008. Is v composite?
True
Suppose -28*w + 195355 + 322425 = -103792. Is w composite?
True
Suppose 36*f = 38*f - 6. Suppose 45 = z - 5*s, -5*z + 90 = -s + f*s. Is -4*(1 - 13965/z) a prime number?
True
Let o be 0/((-64)/(-8) - 6). Suppose o = 2*v - 22167 + 4169. Is v a prime number?
True
Let c(p) = 3*p**2 + 129*p - 3677. Is c(164) a composite number?
True
Suppose -3*i + 312918 = 3*r, -r + 73937 = -2*i - 30360. Is r a composite number?
True
Suppose -2*w = 2*h - 20, -3*w + 6 - 4 = -4*h. Suppose 0 = -w*k + k + 420. Let j = k + 253. Is j a prime number?
True
Suppose 3*z + 5*i - 29 = 0, 3*z + 4*i = 22 + 3. Suppose o = -z*o + 2*u + 88282, 3*u - 44129 = -2*o. Is o a composite number?
True
Suppose 4*x + 18 = 3*v - 0*x, 14 = 4*v - 2*x. Let g(w) = -5*w - 28 + 13*w**v - 12*w**2 + 5. Is g(17) composite?
False
Suppose 12*d + 168794 = -60166. Let n be ((-16)/(-10))/((-48)/d). Suppose -243 = -3*l + n. Is l composite?
False
Let n = 11369 + -5010. Is n a prime number?
True
Let s(a) = -11*a**3 - a**2 + 12*a + 2. Let x be s(-7). Let i be 0 - 5/(15/x). Let g = i + 1975. Is g prime?
True
Suppose 5*i + 2040 = -s, -4*i - 930 = -2*s + 702. Let k = 1951 + i. Is k a composite number?
False
Suppose -7*s + 16 = 2. Suppose s*b + 0*b = 16. Suppose -b*n + 12*n - 8588 = 0. Is n a composite number?
True
Suppose 0 = d + 3*o - 6, d - 3*o - 2*o = 6. Suppose -2*n + 0 = -d. Suppose -3*r + n*m = -270, -m + 4*m = -r + 106. Is r prime?
False
Let p(k) be the first derivative of k**6/30 + k**5/120 - 23*k**4/24 + 26*k**3/3 - 5. Let i(c) be the third derivative of p(c). Is i(8) a composite number?
True
Suppose 0 = -194*g + 231*g. Let w(b) = 14*b**3 - 6*b**2 + 3*b + 3. Let l be w(5). Suppose 2*p + p - l = 5*z, 2*p + 2*z - 1084 = g. Is p a prime number?
True
Let q = -206 - -214. Let l(o) = 46*o**2 - 8*o + 7. Is l(q) composite?
False
Is (3 - 130)/((21 - 15)/(-2334)) a prime number?
False
Let p(w) = 6999*w + 1300. Is p(9) a prime number?
False
Suppose 9*p - 6 = -33. Let i(o) = -8 - 571*o + 3 + 19. Is i(p) a prime number?
False
Suppose -c - 3*r = -10013, -4*c + 2*r = 7*r - 40038. Is c a composite number?
False
Let i(s) = -s**3 - 11*s**2 + 3. Let o be i(-11). Suppose -28 + 37 = o*w. Suppose -1357 = -a - w*b + 7*b, 3*a - b - 4082 = 0. Is a a composite number?
False
Let j = 94430 - -29957. Is j composite?
True
Let d(c) = -7*c**2 + 10*c - 7. Let b(f) = 8*f**2 - 10*f + 8. Let v(y) = -4*b(y) - 5*d(y). Let u be v(-11). Is -1 + u/4 + 0 a prime number?
False
Suppose -4*v = 3*y - 1436594, 0 = 685*v - 689*v + 5*y + 1436578. Is v a composite number?
False
Let c be (-2)/(-4) - ((-84)/8 - -7). Suppose c*l = -6*j + j + 6609, l = 4*j + 1647. Is l a prime number?
False
Suppose r + 2 = 2*r. Suppose 0 = -2*n + 4*a + 8, r*a - 8 = -3*n - 2*n. Suppose 3*w = 0, -n*x + 5*w = -5*x + 1437. Is x composite?
False
Let s = 54 - 60. Is 27371/6 - s/36 a prime number?
False
Let s = 13 - 10. Suppose 0 = 5*m + 5*v - 2515, s*m - 4*v = 535 + 974. Is m prime?
True
Let p(a) = -134*a**2 - 133*a**2 + 266*a**2 + 335 - 2*a. Let w be p(0). Suppose -2*y - w + 2089 = 0. Is y prime?
True
Is 363974 + (-13 - (9 + -33)) composite?
True
Let n(a) = -858*a**3 + a**2 + 8*a - 88. Is n(-7) a prime number?
True
Suppose 44*b + 38014 + 3025149 = 141*b. Is b composite?
True
Let y = 121779 - -20047. Suppose 0 = 17*w - y - 144981. Is w composite?
False
Let a = 119 - -586. Suppose 0 = -6*z + a + 2637. Is z prime?
True
Let u(i) = -i**3 - 15*i**2 - 46*i - 159. Is u(-58) prime?
False
Let m = 134925 - 71038. Is m a composite number?
True
Suppose 3*i - 21 = 0, -379*y + 2*i - 956596 = -381*y. Is y a prime number?
False
Let c = -43 + 40. Let v(g) = 295*g**2 + 5*g - 7. Is v(c) a prime number?
True
Let z(m) = -1. Let o(w) = -4*w - 27. Suppose 40 = -6*s - 2*s. Let l(a) = s*z(a) + o(a). Is l(-11) prime?
False
Let z(w) = 340*w**2 + 9*w - 7. Let s be z(-4). Suppose 2*u + 19*u = s. Is u a prime number?
True
Let b(t) = 131*t**3 - 29 + 10*t - 9*t**2 - 103*t**3 + 29. Is b(7) a composite number?
True
Suppose -4*k + k - 67923 = 5*h, -3*h = 2*k + 40754. Let u = 20719 + h. Is u composite?
True
Let m(v) = 2885*v**2 + v + 11. Let z = -487 + 485. Is m(z) a composite number?
False
Suppose 5*f = 4*k - 887867, -2*k + 2*f - 221970 = -3*k. Suppose 0 = 7*r - k + 26549. Is r a prime number?
True
Let z(i) = i**3 - 2*i**2 - 12*i - 2. Let h be z(-6). Let g = h - -334. Suppose 4*n - q = -3*q + g, 0 = -2*q - 8. Is n a composite number?
False
Suppose -109 = -39*a + 8. Suppose 25 = -5*l, -3*k + 3554 = -k - 4*l. Suppose 2*p - 3538 = 5*q, -2*p - 3*q - k = -a*p. Is p a composite number?
True
Is 43045/(-2)*(14/(-21))/((-35)/(-21)) a prime number?
True
Let z(y) = -6702*y + 5795. Is z(-36) a composite number?
False
Let j(d) be the third derivative of -5/24*d**4 - 17/3*d**3 - 10 + 7/20*d**5 + d**2 - 1/120*d**6 + 0*d. Is j(13) composite?
True
Let w be (-972805)/(-261) - (-1 + (-22)/(-18)). Let q = -2660 + w. Is q composite?
True
Let o(p) = 11*p + 1. Let u(s) = -s**3 - s**2. Let c be u(0). Suppose c = -4*m + 16 + 8. Is o(m) a prime number?
True
Let x = 2806435 + -1495802. Is x prime?
True
Suppose -4*l + 133538 = o, -43466 = o + 5*l - 177002. Is o/42 - (-4)/3 prime?
True
Let k = -1928 - -305919. Is k a composite number?
True
Let p(v) = -4500*v**3 - v**2 + 2*v - 2. Let d be p(1). Let o = -2483 - d. Suppose 16*z = 14*z + o. Is z a prime number?
True
Let w = 344 + -342. Suppose -l - m = -352, 3*l - 6*m + w*m = 1021. Is l prime?
True
Suppose 144*n = 138*n + 1729698. Is n a prime number?
True
Let b(x) = -34*x + 76. Let q be b(2). Suppose 3*u = -6*g + q*g + 24843, -2*u + 4*g = -16570. Is u a prime number?
False
Let d(p) = -31*p - 20. Let q(c) = -c**3 - 5*c**2 + 7*c - 5. Let j be q(-6). Is d(j) a prime number?
False
Is (35762 - 1) + 12 + (-8 - 24/(-12)) a composite number?
True
Suppose -12*l - 1353 = -16905. Suppose 3*q + 3*b - l = 417, -5*q + 3*b = -2855. Is q prime?
True
Let m(b) = 886*b - 11. Let l(a) = 2*a**2 + 13*a - 21. Let h be l(-11). Let g = 80 - h. Is m(g) prime?
False
Suppose 30 = 5*b + 4*a, -8 = 3*b + 5*a - 39. Suppose -3 = -r - 5*q, b*r - 3*q = -0*q + 6. Suppose -4*u + 6995 = r*l, 5*l - 2*u - 11663 = -4*u. Is l composite?
False
Suppose 4*b + 3*d - 105290 = 0, -2*d - 131647 = -10*b + 5*b. Is b a composite number?
True
Let o = 13176 + 85003. Is o composite?
False
Let a = 58 + -59. Let d be 70/(-20)*(a + 3). Is (-264)/d - 1 - (-8)/28 a prime number?
True
Let h(k) = k**3 - 4*k**2 - 7*k - 3. Let w be h(5). Let t(n) = -21*n + 37. Let r be t(w). Let u = -104 + r. Is u a prime number?
False
Suppose g + 4*n - 5*n = 3, 0 = -4*g - 5*n + 39. Suppose -2 = -g*v - 44. Is (-6)/(25 + v) - (-1796